 2/(3/(9/6)). Suppose -2*w + 11 = -b. Suppose -4*s - 2 = w. Let p(h) = -2*h**3 - 2*h**2 + 2*h. Give p(s).
4
Let h = 30 - 31. Let k(i) = -3 + 2 + 13*i + 5 - 5. Calculate k(h).
-14
Let n(x) = -x**2 - 3*x + 3. Let l be 53/(-11) + 16/(-88). Let s be n(l). Let m(g) = g**3 + 8*g**2 + 5*g - 7. Calculate m(s).
7
Let r(c) = -10*c**3 + 5*c**2 + 3*c + 2. Let u(y) = -29*y**3 + 14*y**2 + 8*y + 5. Let s(g) = -11*r(g) + 4*u(g). Give s(-1).
6
Suppose 50 = 32*j - 22*j. Let z(t) be the second derivative of t**2 + 0 - 1/6*t**3 + j*t. Give z(6).
-4
Let z(r) = -r + 4. Suppose 0 = -4*i + 1 + 19. Suppose 2*k = 3*a + 17 - 6, 2*k + 3*a = i. Suppose k*m = 3*c, 0*c - 3*c + 2*m + 6 = 0. Determine z(c).
0
Let t(x) = -x**3 - 3*x**2 - 2*x - 3. Let l be -2*(-2)/(-6)*12. Suppose y - 30 = -d + 3*d, 0 = -4*d - 5*y - 60. Let k be (l/10)/((-6)/d). Calculate t(k).
-3
Let b = -8 - -41. Let h = 29 - b. Let c(a) = 1 - 6 + 0 + 2*a + 2. Determine c(h).
-11
Suppose 1 = -n - t + 11, 2*n = 5*t - 15. Let k(u) = -u**3 - 7*u**2 - 6*u + 4. Let x be k(-5). Let o be n/1*x/(-20). Let r(w) = w - 2. Calculate r(o).
2
Let o(k) = -5*k**3 + 4*k**2 + 4*k + 9. Let g(i) = -2*i**3 - i + 1. Let f(n) = -2*g(n) + o(n). Suppose -10 + 0 = -2*j. Determine f(j).
12
Let q(f) = -f + 2. Let v = 35 - 25. Suppose 2*g + v = r + 3*r, r + 3*g = -1. Calculate q(r).
0
Let d(z) = -z + z**3 + 3*z**3 + 5*z - 2*z**3 - 6*z**2 - 6 - z**3. Suppose -3*c + 5 = -2*o, 11*o - 6*o - 45 = -4*c. Give d(c).
-11
Suppose 4*t = -6*p + 3*p - 26, -4*t - 30 = 5*p. Let d(s) = s**2 + 2*s - 20. Let o be d(-8). Let n(v) = -3*v**2 - v**3 - 5*v + v - 31 + o. Determine n(p).
1
Let n(a) = -a**2 + 2*a + 7. Let s = 12 - 2. Suppose s*c - 17 = 43. What is n(c)?
-17
Let n(f) = -10*f**2 - 4*f + 3. Let u(o) = -18*o**2 - 7*o + 5. Let r(s) = -7*n(s) + 4*u(s). What is r(-3)?
-19
Suppose 0 = -3*v + 134 - 125. Let f(q) = -14*q + 4. Determine f(v).
-38
Let h(b) = b + 4. Let k = -63 - -54. Let i be h(k). Let a(c) = -2*c - 7. Give a(i).
3
Suppose 6*m - 611 = -659. Let t(k) be the second derivative of -k**3/2 - 4*k**2 + 2*k. Calculate t(m).
16
Let f(t) = 13 + 43*t + 47*t - 145*t + 52*t. Determine f(4).
1
Let o(i) = -22*i**2 + 3*i - 9. Let c(x) = -10*x**2 + 2*x - 4. Let m(n) = -7*c(n) + 3*o(n). What is m(2)?
7
Let n(i) = 2*i**2 + 4*i + 5. Let x(z) = -z**2 - 2*z + 4. Let c be x(-4). What is n(c)?
21
Suppose 3*t = s + 1, 7 = -32*t + 33*t - 2*s. Suppose 3 + 57 = 5*d. Let c(l) = 5*l + 2*l + d*l. Determine c(t).
-19
Let u(r) = r**2 - 7*r + 2. Suppose 0*q + 22 = -2*q. Let d = q + 23. Let a = d - 7. What is u(a)?
-8
Suppose -8 = h + 4*p, 0 = -5*h + 6*p - 9*p - 74. Let n(l) = l**2 + 14*l - 13. Determine n(h).
19
Suppose -2*d - 6 = -5*d. Let r = 14 + -12. Let s(c) = -3*c**r + 5*c**2 + 1 + 0*c**2 - c. Give s(d).
7
Let q(s) = s**3 - 4*s**2 - 4*s - 1. Let u = 645 - 640. Calculate q(u).
4
Let c(u) be the second derivative of 1/360*u**6 + 2*u + 0*u**5 + 0 + 0*u**2 + 0*u**3 - 1/2*u**4. Let i(q) be the third derivative of c(q). What is i(-4)?
-8
Let j(n) be the first derivative of 13*n - 1/2*n**2 + 3. Give j(10).
3
Let m(v) = v**2 - 2*v + 4. Let h(q) = q**3 + 2*q**2 + 2*q + 1. Let s be h(-1). Suppose -5*z = -2*o + 33, s = -3*o + 3*z - z + 22. Calculate m(o).
12
Let p = -57 - -32. Let z = p - -31. Let d(a) = -2*a**2 - 3 + 7 + 6*a + 4 + a**2. Determine d(z).
8
Let p(w) = 7*w**2 - 7*w + 3. Let q(r) = -r**2 + r - 1. Let h(f) = p(f) + 6*q(f). Suppose -t - 22*t = -12*t. Determine h(t).
-3
Let x(w) = w + 1. Suppose 0 = -0*u - u + 15. Let j(t) = 3*t**2 - 2*t + 3. Let c be j(1). Suppose 0*h - 5 = 2*h - d, -c*d = -h + u. Give x(h).
-4
Let r(z) be the third derivative of z**6/24 + z**5/20 - z**4/8 + 674*z**2. Determine r(2).
46
Let u(j) = -2*j**2 - 3*j + 2. Let h(z) = -z**2 - 2*z + 1. Let s(r) = 11*h(r) - 6*u(r). Let t(q) = -q + 2. Let k be t(-3). Calculate s(k).
4
Let o(l) = -2*l - 7. Let r be (-4 - -6)/2 - -2. Suppose 5*t + b = -29, -b + 11 = -r*t - 0*b. Give o(t).
3
Let l(d) = d + 4 - 2*d**3 + 1373*d**2 + d**3 - 1378*d**2 + 12. Calculate l(-5).
11
Let f(x) = 6*x. Let o = -129 + 85. Let r be 3*(o/(-12) + -3). Give f(r).
12
Let c(q) = q**2 + 16 - q + 4*q + q**3 - 17 - 2*q**3. What is c(2)?
1
Let s(w) = w - 1. Let m(p) = p**2 + 5*p - 16. Let q be m(3). What is s(q)?
7
Let m = 70 + -69. Suppose 2*s + m = s. Let x(h) = -2*h**2 + 2*h + 1. Calculate x(s).
-3
Let x(s) be the third derivative of s**7/840 + s**6/90 + s**5/60 - s**4/6 + 17*s**3/6 - 13*s**2. Let l(r) be the first derivative of x(r). Determine l(-3).
-1
Let p(n) = 2*n**2 + 11*n + 9. Let z be p(-6). Suppose -2*q + z = 5*u, -2*u = -3*u + 4*q + 25. Let k(a) = -a**2 + 6*a + 3. Give k(u).
8
Let g(p) = 4*p - 15. Let v be (10/8)/((-684)/(-48) - 14). What is g(v)?
5
Let n(v) = -2*v**2 + 6*v - 3. Let r(s) = -5*s**2 + 18*s - 9. Let y(i) = -8*n(i) + 3*r(i). Calculate y(-6).
-3
Let m = -16 + 27. Suppose 0 = -2*h - 2*h - 56. Let k = h + m. Let f(s) = -s**3 - 3*s**2 - s. Determine f(k).
3
Let m(g) = -g**2 - 9*g - 3. Suppose -70 = 11*y - 13*y. Let i = 29 - y. Give m(i).
15
Let q(t) be the first derivative of -t**4/4 - 5*t**3 + 8*t**2 - 14*t + 227. Give q(-16).
-14
Let l(r) = 8*r - r**3 + 50 + 4*r**2 + 39 - 96. Calculate l(5).
8
Let u(y) be the second derivative of -y**3/2 + 19*y**2/2 + 21*y. Give u(7).
-2
Let u be ((-63)/(-105))/(2/40). Suppose -2*q - 2*x - u + 0 = 0, -2*x = 5*q + 33. Let v(o) = o**3 + 6*o**2 - 4*o + 8. Determine v(q).
-13
Let v be (-10)/4*(-396)/(-165). Let t(s) = s**2 + 8*s + 21. Give t(v).
9
Let g(j) = 2*j**2 - 12*j + 8. Let x(l) = l - 1. Let y(h) = -g(h) - 5*x(h). Determine y(3).
0
Let y(v) = v**3 - 3*v**2 + 1. Suppose -7*t = -2*t. Let p be 3/36*4*t. Let l be 2 + (-4)/(p - 4). Determine y(l).
1
Let k(p) = -p - 4. Let g be (-84)/(-4) + -2 + 1. Suppose 0*t + g = f - 3*t, 3*f = -4*t - 5. What is k(f)?
-9
Let b be (1 - 0)/(1/3). Let y be ((-2)/(-3))/(b/(-18)). Let d(j) be the second derivative of -j**5/20 - j**4/3 - j**3/6 - j**2/2 + 26*j. Determine d(y).
3
Let d(z) be the first derivative of -5/2*z**2 - 9 + 0*z. Determine d(-2).
10
Let y(c) = -c + 4. Suppose 4*o + 29 - 53 = 0. Suppose -5*h = o*h - 77. Determine y(h).
-3
Let h(o) = -2*o - 41. Let i be h(-24). Let j(n) = -n + 1. Calculate j(i).
-6
Let i(t) be the third derivative of -t**4/24 + t**2. Suppose -108*r + 60 = -103*r. Let k = 9 - r. Calculate i(k).
3
Suppose -3*n + 6 = 3*c, 0 = n + 15*c - 16*c - 4. Suppose -5*k + 25 = 3*m, -5*k = -6*k + 5*m + 5. Let l(t) = t + 0 - 5 + n*t - k*t. What is l(0)?
-5
Let m(o) = -3*o**3 - 8*o**2 - 4*o - 11. Let a(q) = -q**3 - q - 1. Let f(k) = 4*a(k) - m(k). What is f(8)?
7
Let b(m) = 7*m + 6 + m - 3*m + 2 - m**2 + 0. What is b(5)?
8
Let t(l) = 2*l + 1. Let o(i) = -i**3 + 6*i**2 + 18*i - 13. Let s be o(8). Give t(s).
7
Let c(x) = 1. Let a(i) = -i**2 + 14*i - 4. Let r(b) = a(b) + 4*c(b). Let y be r(14). Let q(d) = d**2 - 6 + 1 + 0. Determine q(y).
-5
Let x(z) = z**3 + 20*z**2 + 21*z + 44. Suppose 0 = 21*j + 28*j + 931. Determine x(j).
6
Let u = 13 - 8. Let l(k) = 12*k + 5. Let j(z) = 10*z + 4. Let r(p) = -7*j(p) + 6*l(p). Calculate r(u).
12
Let h = -1103 - -1090. Let j(d) = -d**3 - 14*d**2 - 13*d + 5. Calculate j(h).
5
Let v(u) be the second derivative of 1/60*u**5 + 3*u + 1/4*u**4 - 1/2*u**2 + 0 - 1/3*u**3. Let a(x) be the first derivative of v(x). Calculate a(-4).
-10
Suppose 0*m + 4*w - 102 = 2*m, 0 = -5*m - 5*w - 285. Let b = 65 + m. Let d(r) = r**2 - 11*r + 2. What is d(b)?
-8
Let q(g) be the first derivative of 47*g**4/4 - g**3/3 + 17. Determine q(1).
46
Let q(w) be the second derivative of 0 - 1/20*w**5 + 1/2*w**4 - 5/6*w**3 + 1/2*w**2 + 12*w. Let p be -1 + -3 + 2 - -7. Give q(p).
1
Let w(c) = c**2 + 9*c + 22. Let r = 430 + -435. Give w(r).
2
Let a(g) be the third derivative of 0*g + 1/12*g**4 - 1/3*g**3 + 4*g**2 + 1/120*g**6 + 1/12*g**5 + 0. Suppose -5*k + 3 = -6*k. Calculate a(k).
10
Let g(u) = -8*u - 3. Let q(s) = -s**2 + 7*s + 4. Let x be q(7). Let d = 21 - 18. Suppose 5*n - x*w + 18 = -2*w, 0 = -5*n - d*w + 2. Calculate g(n).
13
Let r(t) be the second derivative of -t**4/24 - 7*t**3/6 + 4*t**2 - 11*t. Let b(g) be the first derivative of r(g). Determine b(-6).
-1
Suppose 76*h = 65*h - 55. Let d(n) = n + 12. Give d(h).
7
Let g(p) = -22*p + 1. Suppose 0 = 3*w + w - 20. Let s be -1 + w*6/15. Determine g(s).
-21
Let b(r) = -r**3 - r**2 